 + -74. Calculate the highest common divisor of l and 13.
13
Let c(f) = 3*f**2 - 2*f - 2. Let v be c(4). Suppose v*y = 47*y - 3861. What is the greatest common factor of y and 39?
39
Suppose 13*u - 20 = 9*u. Suppose b - 5*b - 55 = -u*h, -44 = -4*h - 5*b. What is the highest common factor of 22 and h?
11
Suppose 2*w + 2*w - 24 = t, 3*w - 18 = 3*t. Suppose 0 = -0*d + 3*d + 6. Let h be (9/d)/((-6)/32). What is the highest common factor of w and h?
6
Let f be (32/(-6) + 2)*(-6)/5. Suppose -f*a - 3 + 115 = 0. Calculate the highest common divisor of a and 7.
7
Suppose 0 = h - 2*h - 3. Let s be 160/2 - (-5 - (h - 2)). Calculate the greatest common factor of 16 and s.
16
Let g = 1965 - 920. Suppose -2*j + g = 3*j. Let p(k) = -k**3 + 19. Let u be p(0). Calculate the highest common factor of j and u.
19
Suppose -r - 3*r - 3*f = 28, -12 = 4*r - f. Let y be 150/(-4)*(70/25 + r). Calculate the highest common factor of y and 18.
9
Let k be 10*-5*3/(-6). Calculate the greatest common divisor of k and 25.
25
Let o = 1292 + -1269. Calculate the highest common factor of 1 and o.
1
Suppose 0 = -2*i + 765 + 3555. Suppose 28*t = 22*t + i. Calculate the highest common factor of 40 and t.
40
Suppose 4*f = -v - 15, -2*f = 3*v + 3 + 2. Let z(j) = 0 + 3*j + 2 + j**2 + 2. Let l be z(f). Calculate the greatest common divisor of l and 88.
8
Let c be 308/17 + (-200)/1700. Calculate the greatest common divisor of c and 60.
6
Let j = -14 - -44. Suppose -2*v = 3*v + j. Let g = 24 + v. Calculate the highest common factor of g and 2.
2
Let a = 1635 - 910. Calculate the highest common factor of 58 and a.
29
Let r be (-3 - -15)*407/111. What is the highest common divisor of r and 286?
22
Suppose 2*r + 4*f = 4, -80*f = 5*r - 77*f - 17. Suppose 4*g - 5 = 123. What is the greatest common divisor of r and g?
4
Let l(d) = -100*d. Let u be l(-1). Suppose -5*g + 140 + u = 0. Let q(h) = 6*h. Let m be q(2). Calculate the greatest common divisor of m and g.
12
Let a(d) = -d**3 - 4*d**2 + 5*d - 7. Let i be a(-6). Let r = i + 119. What is the greatest common factor of 14 and r?
14
Let x = -31 - -58. Suppose -3*n = -0*n - x. Suppose -122*q = -116*q - 54. Calculate the greatest common divisor of q and n.
9
Let o be (-3)/6*(-5 + -1). Let j(w) = 6 - 3 - 6*w - o - 7. Let s be j(-4). Calculate the greatest common divisor of s and 153.
17
Let a be (-140)/(11 + 35/(-3)). What is the greatest common divisor of a and 700?
70
Let l = -25 + 10. Let g be (86/(-5))/(3/l*1). Calculate the highest common factor of 43 and g.
43
Let j be -6 - -41 - (0 - 4). Let i = j - 31. Calculate the greatest common factor of 40 and i.
8
Suppose 2*w = 5*w - 4*t - 99, 2*t - 165 = -5*w. Suppose 4950*f - 4945*f - 110 = 0. What is the greatest common divisor of f and w?
11
Suppose -9*p + 10*p = 120. Calculate the highest common factor of 75 and p.
15
Let h(p) = -2*p**2 + 36*p - 5. Let b be h(18). Let v be 1 + b/20*0. Calculate the greatest common divisor of 5 and v.
1
Let k(s) = s + 0*s - 2*s - 12 - s. Let j be k(-8). Suppose j*m + 0*m = 80. Calculate the highest common divisor of 20 and m.
20
Let f(u) = -u**3 - 15*u**2 - 15*u - 8. Let b be f(-14). Suppose 102 - 12 = -b*v. Let j = 34 + v. Calculate the greatest common factor of 95 and j.
19
Let c be ((-108)/24)/(2/(-4)). What is the greatest common divisor of c and 153?
9
Let c(b) be the first derivative of -b**3/3 + 9*b**2 - 14*b - 9. Let o be c(17). Let z = -45 + 69. What is the greatest common factor of z and o?
3
Let y(a) = a**3 + 2*a**2 - 2*a + 2. Let k be y(-3). Let m be (8 + -10)/((-13)/(-15) + k). What is the greatest common divisor of m and 6?
3
Let c be (-4 - 2)*(2/4 - 1). Let v(f) = f**3 - 2*f**2 + 2*f. Let z be v(c). Calculate the greatest common factor of 5 and z.
5
Let v = -245 + 300. Calculate the highest common factor of v and 715.
55
Let d be 93/33 - 6/(-33). Let l = d - 6. Let u be l*-1*(-21)/(-3). What is the highest common factor of 3 and u?
3
Let n(i) = i**2 - 5*i + 5. Let x be n(5). Suppose 3*j - 29 = 5*f, -4*j + 43 = -x*f - 4. What is the highest common divisor of j and 12?
6
Let n(v) = -v + 16. Let w be n(11). Let p(m) = -m**2 - 8*m + 73. Let d be p(-11). What is the greatest common factor of w and d?
5
Suppose 0 = -0*z + 3*z - 2*i - 1323, 0 = 5*z - 5*i - 2205. Let q be z/15 - (-18)/30. Suppose 3*v = -q + 93. What is the greatest common factor of v and 7?
7
Let b(d) = 2*d**2 + 3*d - 2. Let m be b(1). Let f be 11/((-11)/(-38)) + m. Calculate the greatest common factor of 410 and f.
41
Let w(g) = g**2 - 7*g + 4. Let z be w(8). Let h be (-3)/4 + 393/z. What is the highest common divisor of 8 and h?
8
Let h(j) = 2*j**2 + 12*j. Let g be h(-8). What is the highest common divisor of 32 and g?
32
Suppose -8*u + 397 = 77. What is the highest common factor of u and 10?
10
Suppose 93 = 2*u + 231. Let c = u + 149. Calculate the greatest common factor of 16 and c.
16
Let h(g) = 2*g**2 - 9*g - 6. Let b be h(-7). Let a = 282 - 251. Calculate the greatest common divisor of a and b.
31
Suppose 3*x + 492 = 5*g + 141, x = 3. Calculate the greatest common factor of 1 and g.
1
Let z(b) = -b**3 - b**2 + 4*b + 10. Let k be z(-5). Calculate the greatest common factor of k and 9.
9
Let o(v) = -7*v + 4. Let w(s) = s - 22. Let y be w(10). Let n be o(y). Calculate the greatest common divisor of n and 8.
8
Suppose 4*q + y + 3*y = -16, 19 = -q - 4*y. Suppose 4 - q = -g, -2*x = 2*g. Let t = 10 + -1. What is the highest common factor of x and t?
3
Let c be 1/((-3)/(-27)*1). Let i be (4 + 35/10)*2. Calculate the highest common factor of c and i.
3
Suppose -t = 0, -5*d + 2*t = -22 - 13. Let k be 10*-3*(-8)/10. Let g = k + -17. What is the greatest common factor of g and d?
7
Let x be 8 + -2*812/(-7). Calculate the highest common factor of x and 40.
40
Suppose -610 = -12*j + 458. Let l = j - 56. What is the greatest common divisor of 264 and l?
33
Let f be 2/5 + (-304)/(-40). Let g(u) = 7*u + 16. Let n be g(f). Suppose 7*c = 3*c + n. What is the greatest common factor of 2 and c?
2
Suppose 23*p - 226 = 188. Calculate the greatest common divisor of p and 1125.
9
Let v(q) = -q**3 + 7*q**2 - 5*q - 5. Let j be v(5). Let w = j - 22. Let y be -1*(-1)/w*-24. What is the highest common divisor of 4 and y?
4
Suppose 4*i + c - 33 = 0, 0 = i + 4*c - 1 + 4. Suppose 0 = -y - 2*y + 5*g + 23, -4*y = g. What is the highest common factor of y and i?
1
Let g(x) = x**3 + 7*x**2 - 10*x - 9. Let k be g(-6). Let b = k - 6. What is the greatest common factor of b and 9?
9
Let y = -820 + 864. What is the highest common divisor of 11 and y?
11
Let d be (4/14)/((-97)/(-14259)). What is the greatest common factor of d and 602?
14
Let a be 72/(-16)*(-16)/12. Let n = 16 + -10. Calculate the greatest common factor of n and a.
6
Suppose 25 = 2*z + 21. Calculate the highest common factor of z and 2.
2
Let p be (-2)/4*-122*(-3)/(-3). Let l(i) = -62*i**3 - 2*i**2 + 1. Let m be l(-1). Calculate the highest common factor of p and m.
61
Suppose 0 = -31*b + 4457 + 1309. Calculate the highest common factor of 248 and b.
62
Let a be ((-1)/(-2))/(949/312 - 3). Calculate the highest common factor of 9 and a.
3
Suppose 3*q = -b - q - 7, -3*b + 2*q + 21 = 0. Suppose 251 = b*r - 2*z, -5*r - 3*z + 40 = -4*r. Calculate the highest common factor of 14 and r.
7
Suppose i = -2*i + 75. Let h(z) = z**3 - 3*z**2 - 3*z + 6. Let a be h(4). What is the highest common factor of i and a?
5
Let i be 8880/407 + ((-4)/11)/(-2). Calculate the greatest common factor of 55 and i.
11
Let j be (1090/2 + 1 + -5)/(-1). Let b = j + 796. Calculate the highest common factor of b and 15.
15
Suppose -60 = -p - 2*o, -4*p + 167 + 73 = -o. Suppose x - p = -5*y - 2, 38 = x - 5*y. Let f = 230 - x. What is the greatest common factor of f and 26?
26
Let t be (-298)/(-6) - (-1)/3. Suppose -340 = 10*k - 27*k. What is the highest common divisor of t and k?
10
Let r(t) = 16*t**2 - 6*t - 8. Let m be r(-4). Let k(v) = -v**3 + 7*v**2 - 2. Let z be k(6). Calculate the highest common factor of m and z.
34
Let k be 71 - (2 - 63/9). Calculate the greatest common divisor of 171 and k.
19
Let w = 457 - 286. Calculate the greatest common factor of 63 and w.
9
Suppose -t + 4*b + 7 = 0, t + 2*b + 1 = 2. Let f = 110 + -215. Let n be 4/10 + (-2478)/f. What is the highest common 